?
False
Let l(f) = f**3 + 12*f**2 - 9*f + 39. Let i be l(-13). Is (-8612)/(-10) - (104/10)/i a composite number?
True
Let f be (-7960)/(-5) - (-3 + 2 + -2). Suppose 3*s - 739 = f. Is s a composite number?
True
Let x = -272 + 272. Suppose 10*a - 15847 - 37263 = x. Is a a prime number?
False
Suppose 5*d + 2*u + 102 = -0*u, 2*d + 3*u + 32 = 0. Let o be (1330 + d)*(-2)/(-4). Let p = o + -97. Is p a prime number?
True
Let y be (0 - -74)*(-8 - (-15 - 3)). Let m = -441 + y. Is m composite?
True
Let m = -13361 + 23047. Suppose 3126 = p - 4*k - 6515, -5*k = p - m. Is p prime?
True
Suppose 0 = o - r - 19934, -4*o - 4*r = -83223 + 3447. Is o composite?
True
Suppose -2*a = -8, -397 - 1 = -2*i + 3*a. Suppose 1422 = q + i. Is q a prime number?
True
Let b be 9/(-15) - (-4 + 51/15). Suppose -12*h - 24*h + 376236 = b. Is h composite?
True
Suppose 5*q - 1137499 = -4*a, 910032 = 4*q - 0*a - 5*a. Is q a composite number?
True
Is (-8)/20*(-65658075)/210 prime?
True
Let b be 41416 - -2 - 7/((-35)/(-25)). Suppose 4*c + 2*f + 10973 = b, 3*f - 15224 = -2*c. Is c composite?
True
Let h be 8/5 + -2 - (-4)/10. Suppose -2*q - d + 4303 = h, d - 2*d - 2156 = -q. Is q a prime number?
True
Let n = 29384 + -5474. Let u be (54/(-15))/((-22)/55). Suppose k = -u*k + n. Is k a prime number?
False
Suppose -102*j - 58167 = -111*j. Is j a prime number?
False
Suppose 4*p - 1050108 + 92726 = -3*y, -2*y = p - 239343. Is p composite?
False
Suppose -p - 4726 = -3*d - 53067, -5*p - d = -241769. Is p composite?
False
Let h(z) = 15*z - 1. Let b(g) = 10*g**2 + 10*g - 10. Let x be b(-7). Let a be (1/3)/(x/102 - 4). Is h(a) prime?
False
Let t(z) = 529*z**2 - 35*z + 43. Is t(-8) a composite number?
True
Let j = 1505 + -778. Suppose -1336 = -4*m - h + 1572, -m + 5*h + j = 0. Is m prime?
True
Suppose 4*m = -4*x - 164, -3*x - 2*m - 129 = 3*m. Is (4482/18)/((-6)/x) prime?
False
Is 2/(-6) + (-45515)/(-10)*(-96)/(-9) a composite number?
True
Let f(w) = -w**3 + 74*w**2 - 119*w - 111. Is f(50) composite?
False
Suppose 138*o - 9*o = 3845103. Is o prime?
False
Suppose -7*m + 398 = 384. Suppose -m*z + 4*a - 485 + 1707 = 0, 3*z - 4*a = 1833. Is z a prime number?
False
Suppose 100 = -227*i + 232*i. Suppose -4*p - 36 = -i. Is (-2362)/((p/(-1))/(-4)) composite?
True
Let m be 1 + -4 + -2 + -2 + 7. Suppose v - 945 - 198 = m. Let o = v + -694. Is o composite?
False
Let p(d) = -2*d + 44. Let o be p(21). Suppose 147 - 1 = v + 2*b, -o*b - 594 = -4*v. Is v - ((-3)/(-2) + -2)*2 composite?
False
Is 16/(112/6272329)*20/16*4 a prime number?
False
Suppose 324 = 5*r + 4*r. Let g = -25 + r. Is (-1)/2*(g + -37) a composite number?
False
Let m = 5588 - 3399. Is m a prime number?
False
Let r(y) = -22*y**3 + 4*y**2 + 9*y - 20. Let s be r(-5). Let t = -1758 + s. Is t prime?
False
Let a(z) = -4*z**3 + 338*z**2 - 27*z - 82. Is a(77) composite?
False
Suppose -18911 = 3*j + 4*g, 14*j + 2*g = 10*j - 25228. Is (j/(-81))/((-2)/(-18)) a prime number?
True
Let h = 128 + -126. Is (31/h*1)/(1/614) a prime number?
False
Suppose 18*v = -16 + 106. Suppose -n = 2*n + v*t + 12, n + 2*t + 4 = 0. Is n/((-20)/6365)*1 a composite number?
True
Suppose 5*i = 5*z - 0*z + 60, -5*z + i - 48 = 0. Let f = z - -8. Is ((-18)/(-45) + -1)/(f/145) a prime number?
False
Let t(v) = 77*v**2 + 7*v - 1. Let x(j) = 76*j**2 + 6*j - 2. Let p(y) = 5*t(y) - 4*x(y). Is p(13) a prime number?
False
Let c = 0 - 0. Let v(h) = -2*h**3 - h**2 + 6*h + 1364. Let n(l) = l**3 - 2*l - 1. Let s(q) = 3*n(q) + v(q). Is s(c) a composite number?
False
Suppose -5 - 1 = 2*a. Let k be (-635)/(-3) - (4/a + 1). Suppose -w - k = -5*w. Is w a prime number?
True
Let a(o) = 127*o + 350. Let m be a(-52). Let k = m - -11761. Is k a composite number?
False
Suppose 0 = h - 39*p + 36*p - 2311099, 2*p = 4. Is h composite?
True
Suppose 102*s + 29*s = 2018699 + 1168400. Is s prime?
True
Suppose -26*c = -33*c - 51*c + 1464326. Is c a composite number?
False
Suppose 29*i = -45*i + 2835902. Is i a composite number?
True
Let n = -432326 - -668649. Is n a prime number?
True
Let p be (80/(-5))/(-4) - 2. Let q be 2 + p/(-2)*-2. Suppose 2*f - q*f - 4*g = -972, -4*f - 5*g + 1932 = 0. Is f a prime number?
False
Suppose -19*t + 16*t = -8436. Let w be (22 - 1 - 2) + 2. Suppose t = -w*b + 25*b. Is b composite?
True
Suppose 4*a + 5*a = 45. Suppose -5*f + 23 + 2 = -u, u = -2*f + 10. Suppose -2*q = -7*q + 3*l + 1178, -q - a*l + 230 = u. Is q a composite number?
True
Let u(r) = r**3 - 7*r**2 + 7*r + 6. Let p be u(6). Let x = -1316 - -1340. Suppose -p*c - 4308 = -x*c. Is c a prime number?
True
Suppose -2*v = g - 196, 2*g - 27 = v - 115. Suppose m + 5*n - 168 = -0*n, -2*m = -4*n - 378. Let w = m - v. Is w a composite number?
True
Suppose -675*p + 79*p = -p - 124367495. Is p prime?
True
Let i be 2*-2 - ((-2 - -2) + 2). Let z(r) = 290*r**2 - 14*r - 51. Is z(i) a prime number?
False
Suppose 117405 = 116*y - 107*y. Is y a prime number?
False
Let z(l) = 2*l**3 - 29*l**2 + 12*l + 32. Let u be z(15). Suppose 2*r + 1032 = v - u, 0 = -4*r - 20. Is v a composite number?
False
Let n(m) = 2*m**3 + 93*m**2 - 91*m - 35. Is n(-44) a prime number?
True
Let a = 84 - 82. Suppose -5*w + 26912 = -3*t, 2*w - a*t - 2874 = 7890. Is w prime?
False
Let m(j) = -452*j**3 - 17*j**2 - 10*j - 4. Is m(-3) a prime number?
False
Let j = -23237 - -49442. Suppose -5*b + j = -87380. Is b composite?
False
Suppose -3 = i, 0 = -3*l + 2*i - 7*i + 2301. Suppose -2306 = -3*g + 5*o, -2*g + o + l = -g. Suppose -w - 4*w = 2*x - g, -x = 2*w - 310. Is w a prime number?
True
Let t(o) = 125*o**3 - 3*o**2 + o - 6. Let q be t(3). Suppose 2*a = -q + 9691. Is a prime?
False
Let f = 3592 + -7949. Let y = f + 6302. Is y composite?
True
Let k(a) = -5*a**3 + 6*a**2 - 3*a - 19. Let y(f) = 4*f**3 - 6*f**2 + 3*f + 17. Let w(j) = -5*k(j) - 6*y(j). Is w(6) a prime number?
False
Let n = 643 - 631. Suppose -7*c + n*c = 5*a + 42330, -c + 8464 = a. Is c prime?
False
Let w(t) = -t**3 + 70*t**2 + 115*t - 105. Let l be w(71). Let v = -2621 + 4097. Let g = l - v. Is g composite?
False
Suppose 34179 + 30397 = 7*l + 15359. Is l prime?
False
Suppose 3*k + 14650 = -y, k - 3265 = y + 11397. Let i = 25632 + y. Is i prime?
True
Let z(r) = 571*r**2 - 170*r + 50. Is z(-33) a prime number?
True
Let s be 1787324/42 - 3/(-18)*-2. Suppose s = 13*k - 43726. Is k a prime number?
True
Let j(r) = -r**2 + 4*r + 7. Let v be j(6). Let q be (v + -2)*36/(-21). Let s(u) = 3*u**2 - 6*u - 25. Is s(q) a prime number?
False
Suppose 11*z + 2*z - 273 = 0. Suppose 155713 = z*y + 10540. Is y composite?
True
Let z(o) = -o**3 + 25*o**2 + 26*o - 27. Let k be z(26). Is 24502/6 + 18/k prime?
False
Let c(o) = 211*o**2 - 14*o + 41. Is c(38) a composite number?
False
Suppose -3*y - 5308 = 4*g - 262, -4*g + 4*y - 5032 = 0. Is -1 - -3 - g/4 prime?
True
Let x(i) = i**2 + 13*i - 6. Let o be x(-14). Let n(h) = 5*h**2 + 7*h + 27. Is n(o) prime?
False
Suppose 5*a + 10 = -4*o, 2*o + 13 = 4*a - 5. Suppose a*c + 1141 = 3375. Is c a composite number?
False
Suppose 0 = -8*o - 19*o + 1442367. Is o a composite number?
True
Let x(q) = 3*q**3 - 101*q**2 - 32*q - 139. Is x(51) composite?
False
Suppose -372899 + 240687 - 4197583 = -15*k. Is k prime?
True
Let i(j) = j**3 + 4*j**2 - 15*j - 14. Suppose -5*o - 32 + 2 = 0. Let y be i(o). Suppose -3*c = 5*d - 8711, 2*d - d - 1749 = -y*c. Is d prime?
True
Suppose 5*f - 4*l = 62589, 3*f - 65*l + 70*l = 37583. Is f a prime number?
False
Let w(m) = -9 + 17*m - 16*m - 1. Let i be w(7). Is 331/(0/i - 2/(-4)) a composite number?
True
Suppose 16*m = -2*m - 19*m + 4888477. Is m a composite number?
True
Is 64/(-144) - (-4752341)/99 a prime number?
False
Suppose -33 + 30 = -x. Suppose -3*k = 0, k - 12 = -x*f + 18. Is (-1*f)/(10/(-2445)*3) a prime number?
False
Let r(c) = 418*c**2 - 184*c - 181. Is r(-37) prime?
False
Suppose -3*q - 31 = -2*u + 2*q, -3*u + 4*q + 29 = 0. Suppose -2*m + 27 - 3 = 3*a, -3*m = -2*a - 10. Suppose -u*s = 0, 0 = d - m*d + 4*s + 3170. Is d prime?
False
Suppose 147*f - 15193860 = -73*f. Is f prime?
False
Let c be 577/(-2)*-1*2. Let o(i) = -278*i**2 + 2*i + 2. Let f be o(-1). Let v = c + f. Is v a prime number?
False
Suppose 0*u + 3*u + f - 1981 = 0, 2643 = 4*u + 3*f. Suppose 3*j - 4*r + 1780 = -u, 4*r + 3300 = -4*j. Let s = j + 1461. Is s a composite number?
False
Suppose 11*t + 3*h = 7